it of o(-6)?
6
Let s = -266 - -549. Suppose 0 = -3*u - g + 103 + 314, -g - s = -2*u. What is the tens digit of u?
4
Let i = -88 - -182. Suppose 0 = -3*w - 2*u + i, -5*u = -4*u + 1. Suppose -d + 4 = -w. What is the units digit of d?
6
Let s(j) = 4*j - 5. Suppose 0 = -2*v + 2 + 8. Suppose g + x = 3*x - v, g = -4*x + 19. What is the units digit of s(g)?
7
Let f be (4 - 300/78) + (-836)/26. Suppose 0 = -z - 3*z + 4. What is the units digit of z*9 - f/(-8)?
5
Let b = 570 + -144. What is the hundreds digit of b?
4
Let s(t) be the second derivative of -7*t**3/6 - 3*t**2 - 6*t. What is the units digit of s(-9)?
7
Suppose 3*q = 3*a + 66, -2*q + 17 = -5*a - 36. What is the tens digit of q?
1
Let k be -3 + 3 + 1 + 8. Suppose 3*o - 287 + 91 = 5*q, -4*o = -q - 267. Suppose 2*n + k = o. What is the units digit of n?
9
Suppose -65 = -2*t - 11*t. Let p(b) be the first derivative of -b**4/4 + 2*b**3 - 7*b - 1. What is the tens digit of p(t)?
1
Suppose -4*v = 4*i - 16, 0 = 6*v - 4*v + i - 6. Suppose -v*f + 357 = 5*f. What is the units digit of f?
1
What is the hundreds digit of (-29 - 1)*(-2816)/66?
2
Suppose -12*c = -7*c. Suppose -q + s + 72 = c, -3*q - 2*q + 320 = 3*s. What is the units digit of q?
7
What is the hundreds digit of 568 + -12*(-3)/(-6)?
5
What is the tens digit of (-2)/(2300/(-4991) + (-6)/(-14))?
6
Let p = 182 + 497. What is the hundreds digit of p?
6
Let l(p) = 4*p**2. Let h be 3 - (5 - 3)*1. Let z be l(h). Suppose 2*x + z*w = 3*x - 21, -3*x + 4*w + 79 = 0. What is the tens digit of x?
2
Suppose 2*q - 4*q = -28. Let u = q - 9. Suppose 310 = u*v + 105. What is the units digit of v?
1
Let c = 49 + -39. Suppose -13*o = -c*o - 498. What is the tens digit of o?
6
Suppose 9*w + 31 + 527 = 0. Let b = 7 - w. What is the tens digit of b?
6
Let w = -1723 + 2724. What is the tens digit of w?
0
Let w(a) = a**3 + 17*a**2 - 29*a + 56. What is the units digit of w(-17)?
9
Let a be (12/7)/6 - 66/(-14). Suppose a*w + 0*c = c + 687, 15 = 5*c. What is the tens digit of w?
3
Let b(v) = v**3 - 3*v**2 - 4*v + 261. What is the units digit of b(0)?
1
Let x(o) = -o**2 - 149*o + 28. What is the tens digit of x(-22)?
2
Suppose 2*v - l = 5, 2*v - 3*l + l = 6. Let j be (v/(-2) + -9)*-1. Suppose y + j - 39 = 0. What is the tens digit of y?
2
Suppose 3*l - 4*o + 340 - 5891 = 0, -5*o - 9250 = -5*l. What is the tens digit of l?
4
Let x(i) = i**2 - 16*i - 15. Let b(j) = -6*j**2 + 81*j + 75. Let w(o) = 2*b(o) + 11*x(o). What is the units digit of w(-11)?
8
Suppose 97 = -y + 4*l, -5*l + l - 194 = 2*y. Let j = 161 + y. What is the tens digit of j?
6
Let t(w) = -w**2 + 3*w + 1. Let m(f) = -f**3 + 6*f**2 + 5*f + 8. Let l(o) = -m(o) + 6*t(o). Let h be (-12 + 1)*-1 + 0. What is the units digit of l(h)?
0
Suppose 15*r = 14*r + 1217. What is the tens digit of r?
1
Let z be (-55)/(-3)*(-3 + 21). Suppose 8*y - z = 5*y. Suppose 5*q - y = -0*q. What is the units digit of q?
2
Let u be ((-18)/(-15))/((-5)/(-50)). Let h(m) = m**3 - 12*m**2 + 3*m - 29. What is the units digit of h(u)?
7
Let o(c) = 54*c + 106. What is the hundreds digit of o(7)?
4
Suppose -28 - 17 = -9*f. Suppose f*o - 3*s = 31, 0 = 2*o + 2*o + 4*s - 12. What is the units digit of o?
5
Let n(d) = 10*d + 1. Let k be n(3). Suppose -5*v = -10, 0*v + k = 5*w + 3*v. Let c = 8 + w. What is the tens digit of c?
1
Let f(o) = 115*o**2 + 2*o - 5. Let m be f(2). Suppose m = -10*r + 13*r. What is the units digit of r?
3
Let r(y) be the first derivative of -y**4/4 + 3*y**2/2 - 3*y + 11. Let k be r(2). What is the tens digit of (-22)/(-55) + (-53)/k?
1
Suppose 44 + 19 = -5*j - l, -2*j - 18 = -2*l. Let m be -3 + (-8)/j*-3. Let n(h) = -h**3 - h**2 + 11*h - 3. What is the tens digit of n(m)?
4
Let v = -1633 + 2684. What is the units digit of v?
1
Let d = -2700 + -628. Let j be (-3)/(-5) + d/(-20). Suppose -5*u = -208 - j. What is the tens digit of u?
7
Suppose 3*k + 410 = 5*a, 14*a + 5*k + 315 = 18*a. What is the tens digit of a?
8
Suppose 0 = 4*d + 5*d + 513. What is the units digit of (d/12)/(6/(-24))?
9
Let m(w) = 10*w**2 + 18*w + 4. What is the units digit of m(-6)?
6
Suppose -30*w - 3*q = -28*w - 704, -3*w = -4*q - 1090. What is the hundreds digit of w?
3
What is the tens digit of 12 + -12 - 1797*(-1 + 0)?
9
Suppose -3938 = -16*w + 5*w. What is the units digit of w?
8
Let u(k) = 12*k**2 + 1. Let v be u(-1). Suppose -5*c - v = 12. Let d = 15 + c. What is the units digit of d?
0
Let v = 32 - 15. Let n = v + -13. Suppose -n*q + 52 = -s, q + 5*s - s = 30. What is the tens digit of q?
1
Let k = 9133 + -5369. What is the thousands digit of k?
3
Let w = 2806 + -1726. What is the units digit of w?
0
Let m(d) be the first derivative of -d**4/4 - 19*d**3/3 - 5*d**2/2 - 13*d + 14. What is the units digit of m(-19)?
2
Let b(d) = 2*d**3 + 11*d**2 - 2*d + 14. What is the units digit of b(-5)?
9
What is the tens digit of (28/4 + 0)/(2/6)?
2
Let q be -1 + (-3)/((-3)/5). Let u(a) = 2*a**2 - 41*a + 23. Let y be u(21). Suppose 5*f + 3*z = 131, -q*f - 4*z + y = -2*f. What is the tens digit of f?
2
Let g(u) = 4*u**2 - 23*u + 25. Let b be g(8). Let k = b - -92. What is the units digit of k?
9
Let j be (-8)/60 + (-591)/(-45). Suppose -2*f + j = 4*t - 99, 3*f + 4*t = 172. What is the tens digit of f?
6
Suppose 0 = -3*t + 5*c + 1844, c = 5*t - 0*t - 3088. What is the tens digit of t?
1
Suppose -3*r + 5*m = 3 - 25, -r - 4*m = 21. What is the hundreds digit of r + 177 - (-2 - 2)?
1
Suppose 0 = -8*u + 531 + 1005. What is the tens digit of 14/(-8)*u/(-8)?
4
Let c(b) = b**3 + 35*b**2 + 42*b - 34. What is the thousands digit of c(-30)?
3
Suppose -11569 - 2697 = -14*i. What is the hundreds digit of i?
0
Let m(h) = h**3 + 9*h**2 - h - 15. Let u be m(-9). Let g(r) = -r**2 - 8*r - 1. What is the units digit of g(u)?
1
Let v = -465 - -969. What is the hundreds digit of v?
5
Let w be 14/2*3/3. Suppose -4*u + 141 = -3*v - w*u, -2*v - 98 = -2*u. What is the units digit of 12/v - (-13)/4?
3
Suppose -4*l = -5*s - 3 - 7, 3*l - 23 = -4*s. Let b be s/6 + 10/6. Suppose -b*t - t = -3. What is the units digit of t?
1
Let g(d) = -4*d + 29. Let c be g(7). Let k(s) = 21*s**2 + 2*s - 2. What is the tens digit of k(c)?
2
Let f(j) = -35*j - 2. Let d be f(6). Let u = d - -300. What is the tens digit of u?
8
Let a = -509 - -2310. What is the units digit of a?
1
Let a = -856 - -1224. What is the units digit of a?
8
Suppose 19*l + 284 - 4065 = 0. What is the tens digit of l?
9
Suppose -19*f + 15*f = -20. Suppose -5*l + 2*y = -2*l + 3, 0 = -3*l - f*y + 18. What is the units digit of l?
1
Suppose -170*a + 45210 = -155*a. What is the thousands digit of a?
3
Let w(n) = -n**2 + 60*n + 124. What is the hundreds digit of w(37)?
9
Let g be -120*(3 + (-4)/1). Suppose -3*l + 3*f + g = 0, -3*f - 221 = -5*l - 17. What is the units digit of l?
2
Suppose 129*w - 128*w = 140. Let c = -12 + w. What is the hundreds digit of c?
1
Let k(w) = 11 + 3*w - 18 + 3*w + w**2 - 2*w. What is the units digit of k(-9)?
8
Let n = 38 + -19. Suppose -5*a + 317 = 97. Let p = a - n. What is the units digit of p?
5
Let k(i) = 3*i - 1. Let u be 2/(-4) - (-4)/8. Suppose 5*b + l = 6, -3*b + 7 + u = 4*l. What is the units digit of k(b)?
2
What is the hundreds digit of (-4 + 3)/((-5078)/(-1016) + -5)?
5
Let c = -1591 + 2706. What is the units digit of c?
5
Suppose -3*i + 10206 = 5*f, -2046 = -f - 26*i + 27*i. What is the units digit of f?
3
Suppose 0 = 24*k - 3*k - 4977. What is the units digit of k?
7
Let g be (2 + 4)/2 - 1. Let z(d) = d**2 - 1. What is the units digit of z(g)?
3
Let w = -2349 - -3442. What is the hundreds digit of w?
0
Let i = 918 - 655. Suppose 4*q - i = -0*n - n, -q + 92 = -5*n. What is the units digit of q?
7
Suppose -79 - 106 = 5*o. Let y(s) = -10*s + 4. Let q be y(-6). Let g = q + o. What is the units digit of g?
7
Suppose -2*o - 8002 = -21*b + 19*b, 4*o = 0. What is the thousands digit of b?
4
What is the units digit of (24/10)/(2/300)?
0
What is the thousands digit of ((-158)/4)/(17/((-26860)/10))?
6
Let d(o) = o**3 - 21*o**2 + 72*o - 31. What is the tens digit of d(20)?
0
Let x be 0 - (0 - (2 - 0)). Suppose -x*w = t - 14, -4*w + t + 0 = -16. What is the tens digit of (-250)/(-8) + w/(-20)?
3
Let m(l) = -17*l + 26. Let u be m(-5). Suppose u = -5*q + 6*q. What is the units digit of q?
1
Let o(w) be the th